Last updated on 2024-08-10 16:48:55 CEST.
Flavor | Version | Tinstall | Tcheck | Ttotal | Status | Flags |
---|---|---|---|---|---|---|
r-devel-linux-x86_64-debian-clang | 0.2.13 | 3.90 | 36.27 | 40.17 | NOTE | |
r-devel-linux-x86_64-debian-gcc | 0.2.13 | 3.11 | 27.16 | 30.27 | NOTE | |
r-devel-linux-x86_64-fedora-clang | 0.2.13 | 67.38 | NOTE | |||
r-devel-linux-x86_64-fedora-gcc | 0.2.13 | 73.96 | NOTE | |||
r-devel-windows-x86_64 | 0.2.13 | 6.00 | 59.00 | 65.00 | NOTE | |
r-patched-linux-x86_64 | 0.2.13 | 4.08 | 34.58 | 38.66 | NOTE | |
r-release-linux-x86_64 | 0.2.13 | 3.85 | 34.55 | 38.40 | NOTE | |
r-release-macos-arm64 | 0.2.13 | 31.00 | NOTE | |||
r-release-macos-x86_64 | 0.2.13 | 42.00 | NOTE | |||
r-release-windows-x86_64 | 0.2.13 | 6.00 | 57.00 | 63.00 | NOTE | |
r-oldrel-macos-arm64 | 0.2.13 | 28.00 | NOTE | |||
r-oldrel-macos-x86_64 | 0.2.13 | 44.00 | NOTE | |||
r-oldrel-windows-x86_64 | 0.2.13 | 7.00 | 62.00 | 69.00 | NOTE |
Version: 0.2.13
Check: LazyData
Result: NOTE
'LazyData' is specified without a 'data' directory
Flavors: r-devel-linux-x86_64-debian-clang, r-devel-linux-x86_64-debian-gcc, r-devel-linux-x86_64-fedora-clang, r-devel-linux-x86_64-fedora-gcc, r-devel-windows-x86_64, r-patched-linux-x86_64, r-release-linux-x86_64, r-release-macos-arm64, r-release-macos-x86_64, r-release-windows-x86_64, r-oldrel-macos-arm64, r-oldrel-macos-x86_64, r-oldrel-windows-x86_64