Last updated on 2024-06-21 15:52:50 CEST.
Flavor | Version | Tinstall | Tcheck | Ttotal | Status | Flags |
---|---|---|---|---|---|---|
r-devel-linux-x86_64-debian-clang | 1.0 | 5.12 | 92.70 | 97.82 | OK | |
r-devel-linux-x86_64-debian-gcc | 1.0 | 3.02 | 75.50 | 78.52 | OK | |
r-devel-linux-x86_64-fedora-clang | 1.0 | 132.04 | OK | |||
r-devel-linux-x86_64-fedora-gcc | 1.0 | 156.99 | OK | |||
r-devel-windows-x86_64 | 1.0 | 4.00 | 89.00 | 93.00 | OK | |
r-patched-linux-x86_64 | 1.0 | 3.64 | 93.24 | 96.88 | OK | |
r-release-linux-x86_64 | 1.0 | 4.09 | 93.34 | 97.43 | OK | |
r-release-macos-arm64 | 1.0 | 48.00 | OK | |||
r-release-macos-x86_64 | 1.0 | 84.00 | OK | |||
r-release-windows-x86_64 | 1.0 | 5.00 | 120.00 | 125.00 | ERROR | |
r-oldrel-macos-arm64 | 1.0 | 50.00 | OK | |||
r-oldrel-macos-x86_64 | 1.0 | 77.00 | OK | |||
r-oldrel-windows-x86_64 | 1.0 | 6.00 | 105.00 | 111.00 | OK |
Version: 1.0
Check: re-building of vignette outputs
Result: ERROR
Error(s) in re-building vignettes:
--- re-building 'Background.Rmd' using rmarkdown
Warning in grDevices::dev.off() :
processing of the plot ran out of memory
pandoc.exe: osCommitMemory: VirtualAlloc MEM_COMMIT failed to commit 1048576 bytes of memory (error code: 1455): Die Auslagerungsdatei ist zu klein, um diesen Vorgang durchzuf<fc>hren.
Error: processing vignette 'Background.Rmd' failed with diagnostics:
pandoc document conversion failed with error 251
--- failed re-building 'Background.Rmd'
--- re-building 'DiDforBigData.Rmd' using rmarkdown
--- finished re-building 'DiDforBigData.Rmd'
--- re-building 'Examples.Rmd' using rmarkdown
Warning in dev.off(dv) : processing of the plot ran out of memory
Quitting from lines 308-315 [unnamed-chunk-24] (Examples.Rmd)
Error: processing vignette 'Examples.Rmd' failed with diagnostics:
Failed to allocate TMP or UGRP or they weren't cache line aligned: nth=1
--- failed re-building 'Examples.Rmd'
SUMMARY: processing the following files failed:
'Background.Rmd' 'Examples.Rmd' 'Theory.Rmd'
Error: Vignette re-building failed.
Execution halted
Flavor: r-release-windows-x86_64
Version: 1.0
Check: PDF version of manual
Result: WARN
LaTeX errors when creating PDF version.
This typically indicates Rd problems.
Flavor: r-release-windows-x86_64
Version: 1.0
Check: PDF version of manual without index
Result: ERROR
Flavor: r-release-windows-x86_64