Last updated on 2024-06-27 16:49:03 CEST.
Flavor | Version | Tinstall | Tcheck | Ttotal | Status | Flags |
---|---|---|---|---|---|---|
r-devel-linux-x86_64-debian-clang | 0.99.54 | NOTE | ||||
r-devel-linux-x86_64-debian-gcc | 0.99.54 | 85.74 | 308.20 | 393.94 | NOTE | |
r-devel-linux-x86_64-fedora-clang | 0.99.54 | 726.23 | NOTE | |||
r-devel-linux-x86_64-fedora-gcc | 0.99.54 | 705.49 | NOTE | |||
r-devel-windows-x86_64 | 0.99.54 | 97.00 | 428.00 | 525.00 | NOTE | |
r-patched-linux-x86_64 | 0.99.54 | 122.65 | 406.85 | 529.50 | NOTE | |
r-release-linux-x86_64 | 0.99.54 | 101.68 | 409.53 | 511.21 | NOTE | |
r-release-macos-arm64 | 0.99.54 | 151.00 | NOTE | |||
r-release-macos-x86_64 | 0.99.54 | 230.00 | NOTE | |||
r-release-windows-x86_64 | 0.99.54 | 105.00 | 439.00 | 544.00 | NOTE | |
r-oldrel-macos-arm64 | 0.99.54 | 164.00 | NOTE | |||
r-oldrel-macos-x86_64 | 0.99.54 | 332.00 | NOTE | |||
r-oldrel-windows-x86_64 | 0.99.54 | 126.00 | 550.00 | 676.00 | NOTE |
Version: 0.99.54
Check: package dependencies
Result: NOTE
Package suggested but not available for checking: ‘RDCOMClient’
Flavors: r-devel-linux-x86_64-debian-clang, r-devel-linux-x86_64-debian-gcc, r-devel-linux-x86_64-fedora-clang, r-devel-linux-x86_64-fedora-gcc, r-devel-windows-x86_64, r-patched-linux-x86_64, r-release-linux-x86_64, r-release-macos-arm64, r-release-macos-x86_64, r-release-windows-x86_64, r-oldrel-macos-arm64, r-oldrel-macos-x86_64, r-oldrel-windows-x86_64
Version: 0.99.54
Check: compiled code
Result: NOTE
File ‘DescTools/libs/DescTools.so’:
Found non-API call to R: ‘SET_TYPEOF’
Compiled code should not call non-API entry points in R.
See ‘Writing portable packages’ in the ‘Writing R Extensions’ manual.
Flavors: r-devel-linux-x86_64-debian-clang, r-devel-linux-x86_64-fedora-clang, r-devel-linux-x86_64-fedora-gcc
Version: 0.99.54
Check: compiled code
Result: NOTE
File ‘DescTools/libs/DescTools.so’:
Found non-API call to R: ‘SET_TYPEOF’
Compiled code should not call non-API entry points in R.
See ‘Writing portable packages’ in the ‘Writing R Extensions’ manual.
See section ‘Moving into C API compliance’ in the ‘Writing R
Extensions’ manual for issues with use of non-API entry points.
Flavor: r-devel-linux-x86_64-debian-gcc
Version: 0.99.54
Check: installed package size
Result: NOTE
installed size is 6.1Mb
sub-directories of 1Mb or more:
R 1.7Mb
doc 1.8Mb
help 1.6Mb
Flavors: r-devel-linux-x86_64-fedora-clang, r-devel-windows-x86_64, r-release-macos-arm64, r-release-macos-x86_64, r-release-windows-x86_64, r-oldrel-macos-arm64, r-oldrel-macos-x86_64, r-oldrel-windows-x86_64
Version: 0.99.54
Check: Rd cross-references
Result: NOTE
Undeclared packages ‘ineq’, ‘randtests’, ‘Hmisc’, ‘plotrix’, ‘caret’, ‘pcaPP’, ‘polycor’, ‘lmtest’, ‘car’, ‘gmp’, ‘vcdExtra’, ‘chron’, ‘coin’, ‘caTools’, ‘forecast’, ‘sfsmisc’, ‘vcd’, ‘areaplot’, ‘corrgram’, ‘UsingR’, ‘memisc’, ‘gtools’, ‘BSDA’, ‘prettyR’ in Rd xrefs
Flavor: r-devel-linux-x86_64-fedora-clang
Version: 0.99.54
Check: compiled code
Result: NOTE
File 'DescTools/libs/x64/DescTools.dll':
Found non-API call to R: 'SET_TYPEOF'
Compiled code should not call non-API entry points in R.
See 'Writing portable packages' in the 'Writing R Extensions' manual.
Flavor: r-devel-windows-x86_64