Last updated on 2024-06-21 09:55:42 CEST.
Flavor | Version | Tinstall | Tcheck | Ttotal | Status | Flags |
---|---|---|---|---|---|---|
r-devel-linux-x86_64-debian-clang | 1.2.1 | 5.16 | 304.68 | 309.84 | OK | |
r-devel-linux-x86_64-debian-gcc | 1.2.1 | 2.93 | 219.59 | 222.52 | OK | |
r-devel-linux-x86_64-fedora-clang | 1.2.1 | 378.04 | NOTE | |||
r-devel-linux-x86_64-fedora-gcc | 1.2.1 | 374.53 | OK | |||
r-devel-windows-x86_64 | 1.2.1 | 7.00 | 227.00 | 234.00 | NOTE | |
r-patched-linux-x86_64 | 1.2.1 | 5.24 | 285.09 | 290.33 | OK | |
r-release-linux-x86_64 | 1.2.1 | 5.07 | 283.59 | 288.66 | OK | |
r-release-macos-arm64 | 1.2.1 | 86.00 | NOTE | |||
r-release-macos-x86_64 | 1.2.1 | 154.00 | NOTE | |||
r-release-windows-x86_64 | 1.2.1 | 5.00 | 85.00 | 90.00 | ERROR | |
r-oldrel-macos-arm64 | 1.2.1 | 100.00 | NOTE | |||
r-oldrel-macos-x86_64 | 1.2.1 | 358.00 | NOTE | |||
r-oldrel-windows-x86_64 | 1.2.1 | 5.00 | 262.00 | 267.00 | NOTE |
Version: 1.2.1
Check: installed package size
Result: NOTE
installed size is 7.1Mb
sub-directories of 1Mb or more:
doc 4.8Mb
extdata 2.1Mb
Flavors: r-devel-linux-x86_64-fedora-clang, r-devel-windows-x86_64, r-release-macos-arm64, r-release-macos-x86_64, r-release-windows-x86_64, r-oldrel-macos-arm64, r-oldrel-macos-x86_64, r-oldrel-windows-x86_64
Version: 1.2.1
Check: re-building of vignette outputs
Result: ERROR
Error(s) in re-building vignettes:
--- re-building 'DepLogo.Rmd' using rmarkdown
Read 5000 items
Read 5000 items
Read 5000 items
Read 5000 items
Warning in (function (filename = "Rplot%03d.png", width = 480, height = 480, :
unable to allocate bitmap
Warning in (function (filename = "Rplot%03d.png", width = 480, height = 480, :
opening device failed
Quitting from lines 141-142 [unnamed-chunk-6] (DepLogo.Rmd)
Error: processing vignette 'DepLogo.Rmd' failed with diagnostics:
unable to start png() device
--- failed re-building 'DepLogo.Rmd'
SUMMARY: processing the following file failed:
'DepLogo.Rmd'
Error: Vignette re-building failed.
Execution halted
Flavor: r-release-windows-x86_64
Version: 1.2.1
Check: PDF version of manual
Result: WARN
LaTeX errors when creating PDF version.
This typically indicates Rd problems.
Flavor: r-release-windows-x86_64