Last updated on 2024-07-13 11:49:10 CEST.
Flavor | Version | Tinstall | Tcheck | Ttotal | Status | Flags |
---|---|---|---|---|---|---|
r-devel-linux-x86_64-debian-clang | 1.3.2 | 43.98 | 262.61 | 306.59 | OK | |
r-devel-linux-x86_64-debian-gcc | 1.3.2 | 32.48 | 190.02 | 222.50 | OK | |
r-devel-linux-x86_64-fedora-clang | 1.3.2 | 405.07 | NOTE | |||
r-devel-linux-x86_64-fedora-gcc | 1.3.2 | 405.05 | OK | |||
r-devel-windows-x86_64 | 1.3.2 | 41.00 | 212.00 | 253.00 | NOTE | |
r-patched-linux-x86_64 | 1.3.2 | 50.45 | 264.13 | 314.58 | OK | |
r-release-linux-x86_64 | 1.3.2 | 35.66 | 266.06 | 301.72 | OK | |
r-release-macos-arm64 | 1.3.2 | 83.00 | OK | |||
r-release-macos-x86_64 | 1.3.2 | 133.00 | OK | |||
r-release-windows-x86_64 | 1.3.2 | 41.00 | 208.00 | 249.00 | OK | |
r-oldrel-macos-arm64 | 1.3.2 | 86.00 | OK | |||
r-oldrel-macos-x86_64 | 1.3.2 | 222.00 | OK | |||
r-oldrel-windows-x86_64 | 1.3.2 | 50.00 | 257.00 | 307.00 | OK |
Version: 1.3.2
Check: Rd cross-references
Result: NOTE
Undeclared package ‘FCPS’ in Rd xrefs
Flavor: r-devel-linux-x86_64-fedora-clang
Version: 1.3.2
Check: Rd cross-references
Result: NOTE
Found the following Rd file(s) with Rd \link{} targets missing package
anchors:
stat_pde_density.Rd: aes, aes_, ggplot, fortify, layer, borders
Please provide package anchors for all Rd \link{} targets not in the
package itself and the base packages.
Flavor: r-devel-windows-x86_64