Last updated on 2024-07-13 05:49:12 CEST.
Flavor | Version | Tinstall | Tcheck | Ttotal | Status | Flags |
---|---|---|---|---|---|---|
r-devel-linux-x86_64-debian-clang | 3.0.1 | 19.96 | 86.91 | 106.87 | NOTE | |
r-devel-linux-x86_64-debian-gcc | 3.0.1 | 15.10 | 60.52 | 75.62 | NOTE | |
r-devel-linux-x86_64-fedora-clang | 3.0.1 | 127.61 | NOTE | |||
r-devel-linux-x86_64-fedora-gcc | 3.0.1 | 117.40 | NOTE | |||
r-devel-windows-x86_64 | 3.0.1 | 15.00 | 73.00 | 88.00 | NOTE | |
r-patched-linux-x86_64 | 3.0.1 | 15.51 | 81.14 | 96.65 | NOTE | |
r-release-linux-x86_64 | 3.0.1 | 12.98 | 80.54 | 93.52 | NOTE | |
r-release-macos-arm64 | 3.0.1 | 33.00 | NOTE | |||
r-release-macos-x86_64 | 3.0.1 | 49.00 | NOTE | |||
r-release-windows-x86_64 | 3.0.1 | 14.00 | 75.00 | 89.00 | NOTE | |
r-oldrel-macos-arm64 | 3.0.1 | 36.00 | OK | |||
r-oldrel-macos-x86_64 | 3.0.1 | 58.00 | OK | |||
r-oldrel-windows-x86_64 | 3.0.1 | 20.00 | 89.00 | 109.00 | OK |
Version: 3.0.1
Check: Rd files
Result: NOTE
checkRd: (-1) efron.petrosian.Rd:22: Lost braces
22 | \item{error}{ Numeric value. Maximum pointwise error when estimating the density associated to X (f) in two consecutive steps. If this is missing, it is $1e{-06}$.}
| ^
checkRd: (-1) lynden.Rd:21: Lost braces
21 | \item{error}{ Numeric value. Maximum pointwise error when estimating the density associated to X (f) in two consecutive steps. If this is missing, it is $1e{-06}$.}
| ^
checkRd: (-1) shen.Rd:24: Lost braces
24 | \item{error}{ Numeric value. Maximum pointwise error when estimating the density associated to X (f) in two consecutive steps. If this is missing, it is $1e{-06}$.}
| ^
Flavors: r-devel-linux-x86_64-debian-clang, r-devel-linux-x86_64-debian-gcc, r-devel-linux-x86_64-fedora-clang, r-devel-linux-x86_64-fedora-gcc, r-devel-windows-x86_64, r-patched-linux-x86_64, r-release-linux-x86_64, r-release-macos-arm64, r-release-macos-x86_64, r-release-windows-x86_64