Last updated on 2024-07-13 05:49:11 CEST.
Flavor | Version | Tinstall | Tcheck | Ttotal | Status | Flags |
---|---|---|---|---|---|---|
r-devel-linux-x86_64-debian-clang | 0.9.2 | 8.49 | 94.16 | 102.65 | OK | |
r-devel-linux-x86_64-debian-gcc | 0.9.2 | 7.23 | 69.55 | 76.78 | OK | |
r-devel-linux-x86_64-fedora-clang | 0.9.2 | 134.61 | NOTE | |||
r-devel-linux-x86_64-fedora-gcc | 0.9.2 | 134.60 | NOTE | |||
r-devel-windows-x86_64 | 0.9.2 | 9.00 | 86.00 | 95.00 | OK | |
r-patched-linux-x86_64 | 0.9.2 | 7.98 | 91.28 | 99.26 | OK | |
r-release-linux-x86_64 | 0.9.2 | 5.63 | 91.40 | 97.03 | OK | |
r-release-macos-arm64 | 0.9.2 | 43.00 | OK | |||
r-release-macos-x86_64 | 0.9.2 | 74.00 | OK | |||
r-release-windows-x86_64 | 0.9.2 | 8.00 | 89.00 | 97.00 | OK | |
r-oldrel-macos-arm64 | 0.9.2 | 52.00 | OK | |||
r-oldrel-macos-x86_64 | 0.9.2 | 94.00 | OK | |||
r-oldrel-windows-x86_64 | 0.9.2 | 11.00 | 101.00 | 112.00 | OK |
Version: 0.9.2
Check: dependencies in R code
Result: NOTE
Namespace in Imports field not imported from: ‘rlang’
All declared Imports should be used.
Flavors: r-devel-linux-x86_64-fedora-clang, r-devel-linux-x86_64-fedora-gcc