Last updated on 2024-06-27 10:49:28 CEST.
Flavor | Version | Tinstall | Tcheck | Ttotal | Status | Flags |
---|---|---|---|---|---|---|
r-devel-linux-x86_64-debian-clang | 2.0.2 | NOTE | ||||
r-devel-linux-x86_64-debian-gcc | 2.0.2 | 3.77 | 60.61 | 64.38 | NOTE | |
r-devel-linux-x86_64-fedora-clang | 2.0.2 | 110.11 | NOTE | |||
r-devel-linux-x86_64-fedora-gcc | 2.0.2 | 123.34 | NOTE | |||
r-devel-windows-x86_64 | 2.0.2 | 5.00 | 84.00 | 89.00 | NOTE | |
r-patched-linux-x86_64 | 2.0.2 | 8.38 | 76.48 | 84.86 | NOTE | |
r-release-linux-x86_64 | 2.0.2 | 3.41 | 74.35 | 77.76 | NOTE | |
r-release-macos-arm64 | 2.0.2 | 46.00 | NOTE | |||
r-release-macos-x86_64 | 2.0.2 | 68.00 | NOTE | |||
r-release-windows-x86_64 | 2.0.2 | 6.00 | 86.00 | 92.00 | NOTE | |
r-oldrel-macos-arm64 | 2.0.2 | 46.00 | OK | |||
r-oldrel-macos-x86_64 | 2.0.2 | 65.00 | OK | |||
r-oldrel-windows-x86_64 | 2.0.2 | 6.00 | 97.00 | 103.00 | OK |
Version: 2.0.2
Check: Rd files
Result: NOTE
checkRd: (-1) carstats.Rd:11: Lost braces in \itemize; meant \describe ?
checkRd: (-1) carstats.Rd:12: Lost braces in \itemize; meant \describe ?
checkRd: (-1) carstats.Rd:13: Lost braces in \itemize; meant \describe ?
checkRd: (-1) carstats.Rd:14: Lost braces in \itemize; meant \describe ?
checkRd: (-1) carstats.Rd:15: Lost braces in \itemize; meant \describe ?
checkRd: (-1) carstats.Rd:16: Lost braces in \itemize; meant \describe ?
checkRd: (-1) carstats.Rd:17: Lost braces in \itemize; meant \describe ?
checkRd: (-1) carstats.Rd:18: Lost braces in \itemize; meant \describe ?
checkRd: (-1) carstats.Rd:19: Lost braces in \itemize; meant \describe ?
checkRd: (-1) titanic.Rd:11: Lost braces in \itemize; meant \describe ?
checkRd: (-1) titanic.Rd:12: Lost braces in \itemize; meant \describe ?
checkRd: (-1) titanic.Rd:13: Lost braces in \itemize; meant \describe ?
checkRd: (-1) titanic.Rd:14: Lost braces in \itemize; meant \describe ?
Flavors: r-devel-linux-x86_64-debian-clang, r-devel-linux-x86_64-debian-gcc, r-devel-linux-x86_64-fedora-clang, r-devel-linux-x86_64-fedora-gcc, r-devel-windows-x86_64, r-patched-linux-x86_64, r-release-linux-x86_64, r-release-macos-arm64, r-release-macos-x86_64, r-release-windows-x86_64