Last updated on 2024-07-13 11:49:09 CEST.
Flavor | Version | Tinstall | Tcheck | Ttotal | Status | Flags |
---|---|---|---|---|---|---|
r-devel-linux-x86_64-debian-clang | 0.3-2 | 9.57 | 83.40 | 92.97 | OK | |
r-devel-linux-x86_64-debian-gcc | 0.3-2 | 7.92 | 62.32 | 70.24 | OK | |
r-devel-linux-x86_64-fedora-clang | 0.3-2 | 115.43 | OK | |||
r-devel-linux-x86_64-fedora-gcc | 0.3-2 | 108.63 | OK | |||
r-devel-windows-x86_64 | 0.3-2 | 7.00 | 72.00 | 79.00 | NOTE | |
r-patched-linux-x86_64 | 0.3-2 | 12.30 | 83.00 | 95.30 | OK | |
r-release-linux-x86_64 | 0.3-2 | 8.94 | 80.38 | 89.32 | OK | |
r-release-macos-arm64 | 0.3-2 | 34.00 | OK | |||
r-release-macos-x86_64 | 0.3-2 | 53.00 | OK | |||
r-release-windows-x86_64 | 0.3-2 | 8.00 | 75.00 | 83.00 | OK | |
r-oldrel-macos-arm64 | 0.3-2 | 38.00 | OK | |||
r-oldrel-macos-x86_64 | 0.3-2 | 63.00 | OK | |||
r-oldrel-windows-x86_64 | 0.3-2 | 11.00 | 90.00 | 101.00 | OK |
Version: 0.3-2
Check: Rd cross-references
Result: NOTE
Found the following Rd file(s) with Rd \link{} targets missing package
anchors:
CoClust-class.Rd: copula-class
CoClust.Rd: fitCopula
Please provide package anchors for all Rd \link{} targets not in the
package itself and the base packages.
Flavor: r-devel-windows-x86_64