Last updated on 2024-07-13 11:49:09 CEST.
Flavor | Version | Tinstall | Tcheck | Ttotal | Status | Flags |
---|---|---|---|---|---|---|
r-devel-linux-x86_64-debian-clang | 1.0.1 | 26.29 | 33.21 | 59.50 | OK | |
r-devel-linux-x86_64-debian-gcc | 1.0.1 | 15.10 | 26.79 | 41.89 | OK | |
r-devel-linux-x86_64-fedora-clang | 1.0.1 | 79.13 | NOTE | |||
r-devel-linux-x86_64-fedora-gcc | 1.0.1 | 76.43 | OK | |||
r-devel-windows-x86_64 | 1.0.1 | 19.00 | 70.00 | 89.00 | OK | |
r-patched-linux-x86_64 | 1.0.1 | 22.55 | 32.55 | 55.10 | OK | |
r-release-linux-x86_64 | 1.0.1 | 20.44 | 33.20 | 53.64 | OK | |
r-release-macos-arm64 | 1.0.1 | 25.00 | OK | |||
r-release-macos-x86_64 | 1.0.1 | 34.00 | OK | |||
r-release-windows-x86_64 | 1.0.1 | 21.00 | 73.00 | 94.00 | OK | |
r-oldrel-macos-arm64 | 1.0.1 | 27.00 | OK | |||
r-oldrel-macos-x86_64 | 1.0.1 | 38.00 | OK | |||
r-oldrel-windows-x86_64 | 1.0.1 | 25.00 | 79.00 | 104.00 | OK |
Version: 1.0.1
Check: Rd cross-references
Result: NOTE
Undeclared package ‘sitmo’ in Rd xrefs
Flavor: r-devel-linux-x86_64-fedora-clang