Last updated on 2024-06-27 16:49:01 CEST.
Flavor | Version | Tinstall | Tcheck | Ttotal | Status | Flags |
---|---|---|---|---|---|---|
r-devel-linux-x86_64-debian-clang | 0.2.5 | OK | ||||
r-devel-linux-x86_64-debian-gcc | 0.2.5 | 16.47 | 230.11 | 246.58 | OK | |
r-devel-linux-x86_64-fedora-clang | 0.2.5 | 425.61 | OK | |||
r-devel-linux-x86_64-fedora-gcc | 0.2.5 | 436.32 | OK | |||
r-devel-windows-x86_64 | 0.2.5 | 16.00 | 228.00 | 244.00 | OK | |
r-patched-linux-x86_64 | 0.2.5 | 16.86 | 304.81 | 321.67 | OK | |
r-release-linux-x86_64 | 0.2.5 | 21.50 | 308.97 | 330.47 | OK | |
r-release-macos-arm64 | 0.2.5 | 133.00 | NOTE | |||
r-release-macos-x86_64 | 0.2.5 | 193.00 | OK | |||
r-release-windows-x86_64 | 0.2.5 | 18.00 | 228.00 | 246.00 | OK | |
r-oldrel-macos-arm64 | 0.2.5 | 147.00 | NOTE | |||
r-oldrel-macos-x86_64 | 0.2.5 | 352.00 | NOTE | |||
r-oldrel-windows-x86_64 | 0.2.5 | 24.00 | 324.00 | 348.00 | OK |
Version: 0.2.5
Check: package dependencies
Result: NOTE
Package suggested but not available for checking: ‘batchelor’
Flavors: r-release-macos-arm64, r-oldrel-macos-arm64, r-oldrel-macos-x86_64