Last updated on 2024-07-13 11:49:10 CEST.
Flavor | Version | Tinstall | Tcheck | Ttotal | Status | Flags |
---|---|---|---|---|---|---|
r-devel-linux-x86_64-debian-clang | 0.1.1 | 47.92 | 38.09 | 86.01 | OK | |
r-devel-linux-x86_64-debian-gcc | 0.1.1 | 37.96 | 28.47 | 66.43 | OK | |
r-devel-linux-x86_64-fedora-clang | 0.1.1 | 116.11 | OK | |||
r-devel-linux-x86_64-fedora-gcc | 0.1.1 | 126.49 | OK | |||
r-devel-windows-x86_64 | 0.1.1 | 38.00 | 75.00 | 113.00 | NOTE | |
r-patched-linux-x86_64 | 0.1.1 | 45.05 | 36.27 | 81.32 | OK | |
r-release-linux-x86_64 | 0.1.1 | 39.52 | 35.35 | 74.87 | OK | |
r-release-macos-arm64 | 0.1.1 | 33.00 | NOTE | |||
r-release-macos-x86_64 | 0.1.1 | 44.00 | NOTE | |||
r-release-windows-x86_64 | 0.1.1 | 41.00 | 69.00 | 110.00 | OK | |
r-oldrel-macos-arm64 | 0.1.1 | 37.00 | NOTE | |||
r-oldrel-macos-x86_64 | 0.1.1 | 55.00 | NOTE | |||
r-oldrel-windows-x86_64 | 0.1.1 | 49.00 | 80.00 | 129.00 | OK |
Version: 0.1.1
Check: Rd cross-references
Result: NOTE
Found the following Rd file(s) with Rd \link{} targets missing package
anchors:
SparseCCA.Rd: CCA, CCA.permute
Please provide package anchors for all Rd \link{} targets not in the
package itself and the base packages.
Flavor: r-devel-windows-x86_64
Version: 0.1.1
Check: installed package size
Result: NOTE
installed size is 5.0Mb
sub-directories of 1Mb or more:
libs 4.2Mb
Flavors: r-release-macos-arm64, r-release-macos-x86_64, r-oldrel-macos-arm64, r-oldrel-macos-x86_64