Last updated on 2024-06-27 16:49:01 CEST.
Flavor | Version | Tinstall | Tcheck | Ttotal | Status | Flags |
---|---|---|---|---|---|---|
r-devel-linux-x86_64-debian-clang | 1.0.3 | NOTE | ||||
r-devel-linux-x86_64-debian-gcc | 1.0.3 | 6.72 | 20.72 | 27.44 | NOTE | |
r-devel-linux-x86_64-fedora-clang | 1.0.3 | 50.36 | NOTE | |||
r-devel-linux-x86_64-fedora-gcc | 1.0.3 | 46.15 | NOTE | |||
r-devel-windows-x86_64 | 1.0.3 | 9.00 | 48.00 | 57.00 | NOTE | |
r-patched-linux-x86_64 | 1.0.3 | 8.91 | 26.90 | 35.81 | OK | |
r-release-linux-x86_64 | 1.0.3 | 9.59 | 26.05 | 35.64 | OK | |
r-release-macos-arm64 | 1.0.3 | 17.00 | OK | |||
r-release-macos-x86_64 | 1.0.3 | 37.00 | OK | |||
r-release-windows-x86_64 | 1.0.3 | 10.00 | 49.00 | 59.00 | OK | |
r-oldrel-macos-arm64 | 1.0.3 | 17.00 | OK | |||
r-oldrel-macos-x86_64 | 1.0.3 | 26.00 | OK | |||
r-oldrel-windows-x86_64 | 1.0.3 | 10.00 | 52.00 | 62.00 | OK |
Version: 1.0.3
Check: compiled code
Result: NOTE
File ‘CMF/libs/CMF.so’:
Found non-API calls to R: ‘SETLENGTH’, ‘SET_GROWABLE_BIT’,
‘SET_TRUELENGTH’
Compiled code should not call non-API entry points in R.
See ‘Writing portable packages’ in the ‘Writing R Extensions’ manual.
Flavors: r-devel-linux-x86_64-debian-clang, r-devel-linux-x86_64-fedora-clang, r-devel-linux-x86_64-fedora-gcc
Version: 1.0.3
Check: compiled code
Result: NOTE
File ‘CMF/libs/CMF.so’:
Found non-API calls to R: ‘SETLENGTH’, ‘SET_GROWABLE_BIT’,
‘SET_TRUELENGTH’
Compiled code should not call non-API entry points in R.
See ‘Writing portable packages’ in the ‘Writing R Extensions’ manual.
See section ‘Moving into C API compliance’ in the ‘Writing R
Extensions’ manual for issues with use of non-API entry points.
Flavor: r-devel-linux-x86_64-debian-gcc
Version: 1.0.3
Check: compiled code
Result: NOTE
File 'CMF/libs/x64/CMF.dll':
Found non-API calls to R: 'SETLENGTH', 'SET_GROWABLE_BIT',
'SET_TRUELENGTH'
Compiled code should not call non-API entry points in R.
See 'Writing portable packages' in the 'Writing R Extensions' manual.
Flavor: r-devel-windows-x86_64