Last updated on 2024-06-21 09:55:41 CEST.
Flavor | Version | Tinstall | Tcheck | Ttotal | Status | Flags |
---|---|---|---|---|---|---|
r-devel-linux-x86_64-debian-clang | 1.2.2 | 13.22 | 318.56 | 331.78 | OK | |
r-devel-linux-x86_64-debian-gcc | 1.2.2 | 11.85 | 222.20 | 234.05 | OK | |
r-devel-linux-x86_64-fedora-clang | 1.2.2 | 401.12 | NOTE | |||
r-devel-linux-x86_64-fedora-gcc | 1.2.2 | 403.79 | NOTE | |||
r-devel-windows-x86_64 | 1.2.2 | 14.00 | 201.00 | 215.00 | OK | |
r-patched-linux-x86_64 | 1.2.2 | 12.64 | 303.58 | 316.22 | OK | |
r-release-linux-x86_64 | 1.2.2 | 12.62 | 302.49 | 315.11 | OK | |
r-release-macos-arm64 | 1.2.2 | 100.00 | OK | |||
r-release-macos-x86_64 | 1.2.2 | 175.00 | OK | |||
r-release-windows-x86_64 | 1.2.2 | 15.00 | 207.00 | 222.00 | OK | |
r-oldrel-macos-arm64 | 1.2.2 | 49.00 | OK | |||
r-oldrel-macos-x86_64 | 1.2.2 | 101.00 | OK | |||
r-oldrel-windows-x86_64 | 1.2.2 | 19.00 | 285.00 | 304.00 | OK |
Version: 1.2.2
Check: dependencies in R code
Result: NOTE
Namespaces in Imports field not imported from:
‘circlize’ ‘utils’
All declared Imports should be used.
Flavors: r-devel-linux-x86_64-fedora-clang, r-devel-linux-x86_64-fedora-gcc