Last updated on 2024-07-13 11:49:08 CEST.
Flavor | Version | Tinstall | Tcheck | Ttotal | Status | Flags |
---|---|---|---|---|---|---|
r-devel-linux-x86_64-debian-clang | 1.0.5 | 8.62 | 79.58 | 88.20 | OK | |
r-devel-linux-x86_64-debian-gcc | 1.0.5 | 7.14 | 60.20 | 67.34 | OK | |
r-devel-linux-x86_64-fedora-clang | 1.0.5 | 111.68 | OK | |||
r-devel-linux-x86_64-fedora-gcc | 1.0.5 | 106.55 | OK | |||
r-devel-windows-x86_64 | 1.0.5 | 9.00 | 74.00 | 83.00 | NOTE | |
r-patched-linux-x86_64 | 1.0.5 | 11.64 | 77.17 | 88.81 | OK | |
r-release-linux-x86_64 | 1.0.5 | 10.07 | 74.37 | 84.44 | OK | |
r-release-macos-arm64 | 1.0.5 | 40.00 | OK | |||
r-release-macos-x86_64 | 1.0.5 | 63.00 | OK | |||
r-release-windows-x86_64 | 1.0.5 | 8.00 | 75.00 | 83.00 | OK | |
r-oldrel-macos-arm64 | 1.0.5 | 41.00 | OK | |||
r-oldrel-macos-x86_64 | 1.0.5 | 66.00 | OK | |||
r-oldrel-windows-x86_64 | 1.0.5 | 10.00 | 90.00 | 100.00 | OK |
Version: 1.0.5
Check: Rd cross-references
Result: NOTE
Found the following Rd file(s) with Rd \link{} targets missing package
anchors:
graphoptBbd.Rd: igraph
Please provide package anchors for all Rd \link{} targets not in the
package itself and the base packages.
Flavor: r-devel-windows-x86_64