Last updated on 2024-06-21 15:52:47 CEST.
Flavor | Version | Tinstall | Tcheck | Ttotal | Status | Flags |
---|---|---|---|---|---|---|
r-devel-linux-x86_64-debian-clang | 2.0.4 | 123.07 | 98.18 | 221.25 | OK | |
r-devel-linux-x86_64-debian-gcc | 2.0.4 | 92.38 | 81.60 | 173.98 | OK | |
r-devel-linux-x86_64-fedora-clang | 2.0.4 | 259.31 | OK | |||
r-devel-linux-x86_64-fedora-gcc | 2.0.4 | 301.12 | OK | |||
r-devel-windows-x86_64 | 2.0.4 | 80.00 | 110.00 | 190.00 | OK | |
r-patched-linux-x86_64 | 2.0.4 | 111.96 | 100.45 | 212.41 | OK | |
r-release-linux-x86_64 | 2.0.4 | 110.75 | 101.40 | 212.15 | OK | |
r-release-macos-arm64 | 2.0.4 | 70.00 | NOTE | |||
r-release-macos-x86_64 | 2.0.4 | 98.00 | NOTE | |||
r-release-windows-x86_64 | 2.0.4 | 82.00 | 117.00 | 199.00 | OK | |
r-oldrel-macos-arm64 | 2.0.4 | 75.00 | NOTE | |||
r-oldrel-macos-x86_64 | 2.0.4 | 171.00 | NOTE | |||
r-oldrel-windows-x86_64 | 2.0.4 | 105.00 | 140.00 | 245.00 | OK |
Version: 2.0.4
Check: installed package size
Result: NOTE
installed size is 31.1Mb
sub-directories of 1Mb or more:
libs 30.1Mb
Flavors: r-release-macos-arm64, r-release-macos-x86_64, r-oldrel-macos-arm64, r-oldrel-macos-x86_64