Last updated on 2024-06-27 16:49:00 CEST.
Flavor | Version | Tinstall | Tcheck | Ttotal | Status | Flags |
---|---|---|---|---|---|---|
r-devel-linux-x86_64-debian-clang | 2.2-0 | OK | ||||
r-devel-linux-x86_64-debian-gcc | 2.2-0 | 162.94 | 83.17 | 246.11 | OK | |
r-devel-linux-x86_64-fedora-clang | 2.2-0 | 499.58 | NOTE | |||
r-devel-linux-x86_64-fedora-gcc | 2.2-0 | 553.39 | OK | |||
r-devel-windows-x86_64 | 2.2-0 | 166.00 | 125.00 | 291.00 | NOTE | |
r-patched-linux-x86_64 | 2.2-0 | 192.90 | 106.38 | 299.28 | OK | |
r-release-linux-x86_64 | 2.2-0 | 192.65 | 106.55 | 299.20 | OK | |
r-release-macos-arm64 | 2.2-0 | 114.00 | NOTE | |||
r-release-macos-x86_64 | 2.2-0 | 183.00 | NOTE | |||
r-release-windows-x86_64 | 2.2-0 | 174.00 | 122.00 | 296.00 | NOTE | |
r-oldrel-macos-arm64 | 2.2-0 | 239.00 | NOTE | |||
r-oldrel-macos-x86_64 | 2.2-0 | 378.00 | NOTE | |||
r-oldrel-windows-x86_64 | 2.2-0 | 206.00 | 153.00 | 359.00 | NOTE |
Version: 2.2-0
Check: installed package size
Result: NOTE
installed size is 5.4Mb
sub-directories of 1Mb or more:
data 1.5Mb
doc 1.4Mb
libs 1.6Mb
Flavors: r-devel-linux-x86_64-fedora-clang, r-devel-windows-x86_64, r-release-macos-arm64, r-release-macos-x86_64, r-release-windows-x86_64, r-oldrel-macos-arm64, r-oldrel-macos-x86_64, r-oldrel-windows-x86_64