Last updated on 2024-06-27 16:49:00 CEST.
Flavor | Version | Tinstall | Tcheck | Ttotal | Status | Flags |
---|---|---|---|---|---|---|
r-devel-linux-x86_64-debian-clang | 2012.04-1 | NOTE | ||||
r-devel-linux-x86_64-debian-gcc | 2012.04-1 | 1.28 | 20.30 | 21.58 | NOTE | |
r-devel-linux-x86_64-fedora-clang | 2012.04-1 | 35.14 | NOTE | |||
r-devel-linux-x86_64-fedora-gcc | 2012.04-1 | 35.43 | NOTE | |||
r-devel-windows-x86_64 | 2012.04-1 | 2.00 | 46.00 | 48.00 | NOTE | |
r-patched-linux-x86_64 | 2012.04-1 | 1.63 | 24.79 | 26.42 | NOTE | |
r-release-linux-x86_64 | 2012.04-1 | 1.53 | 24.47 | 26.00 | NOTE | |
r-release-macos-arm64 | 2012.04-1 | 16.00 | NOTE | |||
r-release-macos-x86_64 | 2012.04-1 | 28.00 | NOTE | |||
r-release-windows-x86_64 | 2012.04-1 | 3.00 | 47.00 | 50.00 | NOTE | |
r-oldrel-macos-arm64 | 2012.04-1 | 19.00 | NOTE | |||
r-oldrel-macos-x86_64 | 2012.04-1 | 23.00 | NOTE | |||
r-oldrel-windows-x86_64 | 2012.04-1 | 3.00 | 50.00 | 53.00 | NOTE |
Version: 2012.04-1
Check: Rd files
Result: NOTE
checkRd: (-1) dilution.Rd:13: Escaped LaTeX specials: \$
checkRd: (-1) dilution.Rd:15: Escaped LaTeX specials: \$
checkRd: (-1) dilution.Rd:16: Escaped LaTeX specials: \$
checkRd: (-1) dilution.Rd:17: Escaped LaTeX specials: \$
checkRd: (-1) personality.Rd:15: Escaped LaTeX specials: \$
checkRd: (-1) personality.Rd:16: Escaped LaTeX specials: \$
checkRd: (-1) personality.Rd:17: Escaped LaTeX specials: \$
Flavors: r-devel-linux-x86_64-debian-clang, r-devel-linux-x86_64-debian-gcc, r-devel-linux-x86_64-fedora-clang, r-devel-linux-x86_64-fedora-gcc, r-devel-windows-x86_64, r-patched-linux-x86_64, r-release-linux-x86_64, r-release-macos-arm64, r-release-macos-x86_64, r-release-windows-x86_64, r-oldrel-macos-arm64, r-oldrel-macos-x86_64, r-oldrel-windows-x86_64