Last updated on 2024-07-13 11:49:09 CEST.
Flavor | Version | Tinstall | Tcheck | Ttotal | Status | Flags |
---|---|---|---|---|---|---|
r-devel-linux-x86_64-debian-clang | 0.4 | 3.03 | 466.48 | 469.51 | OK | |
r-devel-linux-x86_64-debian-gcc | 0.4 | 3.26 | 363.51 | 366.77 | OK | |
r-devel-linux-x86_64-fedora-clang | 0.4 | 568.07 | OK | |||
r-devel-linux-x86_64-fedora-gcc | 0.4 | 629.54 | OK | |||
r-devel-windows-x86_64 | 0.4 | 4.00 | 511.00 | 515.00 | NOTE | |
r-patched-linux-x86_64 | 0.4 | 3.64 | 437.28 | 440.92 | OK | |
r-release-linux-x86_64 | 0.4 | 3.30 | 455.76 | 459.06 | OK | |
r-release-macos-arm64 | 0.4 | 213.00 | OK | |||
r-release-macos-x86_64 | 0.4 | 387.00 | OK | |||
r-release-windows-x86_64 | 0.4 | 5.00 | 490.00 | 495.00 | OK | |
r-oldrel-macos-arm64 | 0.4 | 211.00 | OK | |||
r-oldrel-macos-x86_64 | 0.4 | 751.00 | OK | |||
r-oldrel-windows-x86_64 | 0.4 | 6.00 | 543.00 | 549.00 | OK |
Version: 0.4
Check: Rd cross-references
Result: NOTE
Found the following Rd file(s) with Rd \link{} targets missing package
anchors:
BT.Rd: rpart, rpart.control
BT_Call.Rd: rpart.control
Please provide package anchors for all Rd \link{} targets not in the
package itself and the base packages.
Flavor: r-devel-windows-x86_64