Last updated on 2024-07-13 11:49:08 CEST.
Flavor | Version | Tinstall | Tcheck | Ttotal | Status | Flags |
---|---|---|---|---|---|---|
r-devel-linux-x86_64-debian-clang | 1.0.5 | 13.94 | 61.64 | 75.58 | OK | |
r-devel-linux-x86_64-debian-gcc | 1.0.5 | 9.82 | 42.18 | 52.00 | OK | |
r-devel-linux-x86_64-fedora-clang | 1.0.5 | 95.27 | OK | |||
r-devel-linux-x86_64-fedora-gcc | 1.0.5 | 84.42 | OK | |||
r-devel-windows-x86_64 | 1.0.5 | 11.00 | 70.00 | 81.00 | NOTE | |
r-patched-linux-x86_64 | 1.0.5 | 11.14 | 53.97 | 65.11 | OK | |
r-release-linux-x86_64 | 1.0.5 | 10.16 | 52.82 | 62.98 | OK | |
r-release-macos-arm64 | 1.0.5 | 35.00 | OK | |||
r-release-macos-x86_64 | 1.0.5 | 44.00 | OK | |||
r-release-windows-x86_64 | 1.0.5 | 14.00 | 72.00 | 86.00 | NOTE | |
r-oldrel-macos-arm64 | 1.0.5 | 33.00 | OK | |||
r-oldrel-macos-x86_64 | 1.0.5 | 53.00 | OK | |||
r-oldrel-windows-x86_64 | 1.0.5 | 14.00 | 85.00 | 99.00 | NOTE |
Version: 1.0.5
Check: C++ specification
Result: NOTE
Specified C++11: please drop specification unless essential
Flavors: r-devel-windows-x86_64, r-release-windows-x86_64, r-oldrel-windows-x86_64