Last updated on 2024-06-27 10:49:27 CEST.
Flavor | Version | Tinstall | Tcheck | Ttotal | Status | Flags |
---|---|---|---|---|---|---|
r-devel-linux-x86_64-debian-clang | 0.2.0 | NOTE | ||||
r-devel-linux-x86_64-debian-gcc | 0.2.0 | 1.88 | 20.84 | 22.72 | NOTE | |
r-devel-linux-x86_64-fedora-clang | 0.2.0 | 38.00 | NOTE | |||
r-devel-linux-x86_64-fedora-gcc | 0.2.0 | 36.48 | NOTE | |||
r-devel-windows-x86_64 | 0.2.0 | 3.00 | 44.00 | 47.00 | OK | |
r-patched-linux-x86_64 | 0.2.0 | 2.89 | 26.65 | 29.54 | NOTE | |
r-release-linux-x86_64 | 0.2.0 | 2.38 | 26.57 | 28.95 | NOTE | |
r-release-macos-arm64 | 0.2.0 | 16.00 | OK | |||
r-release-macos-x86_64 | 0.2.0 | 21.00 | OK | |||
r-release-windows-x86_64 | 0.2.0 | 3.00 | 45.00 | 48.00 | OK | |
r-oldrel-macos-arm64 | 0.2.0 | 18.00 | OK | |||
r-oldrel-macos-x86_64 | 0.2.0 | 22.00 | OK | |||
r-oldrel-windows-x86_64 | 0.2.0 | 4.00 | 47.00 | 51.00 | OK |
Version: 0.2.0
Check: for non-standard things in the check directory
Result: NOTE
Found the following files/directories:
‘ccf_ccf_ID31_ID32_res.jpg’ ‘ccf_ccf_ID31_ID32_res.pdf’
‘output_ENSO_NHSST.tmp’ ‘plot_plot_ts_RAW_BIN_enso_sst.pdf’
‘plot_plot_ts_RAW_BIN_enso_sst01.png’
‘plot_plot_ts_RAW_BIN_enso_sst02.png’
‘plot_plot_ts_RAW_BIN_enso_sst03.png’
‘plot_plot_ts_RAW_BIN_enso_sst04.png’ ‘plot_ts_ACER_ABRUPT.pdf’
‘plot_ts_ACER_ABRUPT01.png’ ‘plot_ts_ACER_ABRUPT02.png’
‘plot_ts_ACER_ABRUPT03.png’ ‘plot_ts_ACER_ABRUPT04.png’
‘salida_ACER_ABRUPT.tmp’ ‘scaterplot_scatterplot_ENSO_SST.jpg’
‘scaterplot_scatterplot_ENSO_SST.pdf’
Flavors: r-devel-linux-x86_64-debian-clang, r-devel-linux-x86_64-debian-gcc, r-devel-linux-x86_64-fedora-clang, r-devel-linux-x86_64-fedora-gcc, r-patched-linux-x86_64, r-release-linux-x86_64