Last updated on 2024-06-27 16:49:00 CEST.
Flavor | Version | Tinstall | Tcheck | Ttotal | Status | Flags |
---|---|---|---|---|---|---|
r-devel-linux-x86_64-debian-clang | 2016.05.31 | NOTE | ||||
r-devel-linux-x86_64-debian-gcc | 2016.05.31 | 2.36 | 30.38 | 32.74 | NOTE | |
r-devel-linux-x86_64-fedora-clang | 2016.05.31 | 55.05 | NOTE | |||
r-devel-linux-x86_64-fedora-gcc | 2016.05.31 | 64.73 | NOTE | |||
r-devel-windows-x86_64 | 2016.05.31 | 3.00 | 71.00 | 74.00 | NOTE | |
r-patched-linux-x86_64 | 2016.05.31 | 2.57 | 38.95 | 41.52 | NOTE | |
r-release-linux-x86_64 | 2016.05.31 | 2.23 | 37.63 | 39.86 | NOTE | |
r-release-macos-arm64 | 2016.05.31 | 27.00 | NOTE | |||
r-release-macos-x86_64 | 2016.05.31 | 68.00 | NOTE | |||
r-release-windows-x86_64 | 2016.05.31 | 3.00 | 71.00 | 74.00 | NOTE | |
r-oldrel-macos-arm64 | 2016.05.31 | 32.00 | NOTE | |||
r-oldrel-macos-x86_64 | 2016.05.31 | 41.00 | NOTE | |||
r-oldrel-windows-x86_64 | 2016.05.31 | 4.00 | 70.00 | 74.00 | NOTE |
Version: 2016.05.31
Check: Rd files
Result: NOTE
checkRd: (-1) dotPlot.Rd:56: Escaped LaTeX specials: \&
Flavors: r-devel-linux-x86_64-debian-clang, r-devel-linux-x86_64-debian-gcc, r-devel-linux-x86_64-fedora-clang, r-devel-linux-x86_64-fedora-gcc, r-devel-windows-x86_64, r-patched-linux-x86_64, r-release-linux-x86_64, r-release-macos-arm64, r-release-macos-x86_64, r-release-windows-x86_64, r-oldrel-macos-arm64, r-oldrel-macos-x86_64, r-oldrel-windows-x86_64
Version: 2016.05.31
Check: Rd cross-references
Result: NOTE
Undeclared package ‘conf.design’ in Rd xrefs
Flavor: r-devel-linux-x86_64-fedora-clang