Last updated on 2024-06-21 09:55:39 CEST.
Flavor | Version | Tinstall | Tcheck | Ttotal | Status | Flags |
---|---|---|---|---|---|---|
r-devel-linux-x86_64-debian-clang | 1.84.0-0 | 56.17 | 45.73 | 101.90 | OK | |
r-devel-linux-x86_64-debian-gcc | 1.84.0-0 | 20.08 | 35.54 | 55.62 | OK | |
r-devel-linux-x86_64-fedora-clang | 1.84.0-0 | 67.77 | NOTE | |||
r-devel-linux-x86_64-fedora-gcc | 1.84.0-0 | 67.45 | OK | |||
r-devel-windows-x86_64 | 1.84.0-0 | 65.00 | 56.00 | 121.00 | NOTE | |
r-patched-linux-x86_64 | 1.84.0-0 | 49.16 | 44.94 | 94.10 | OK | |
r-release-linux-x86_64 | 1.84.0-0 | 51.23 | 44.98 | 96.21 | OK | |
r-release-macos-arm64 | 1.84.0-0 | 60.00 | NOTE | |||
r-release-macos-x86_64 | 1.84.0-0 | 112.00 | NOTE | |||
r-release-windows-x86_64 | 1.84.0-0 | 72.00 | 56.00 | 128.00 | NOTE | |
r-oldrel-macos-arm64 | 1.84.0-0 | 69.00 | NOTE | |||
r-oldrel-macos-x86_64 | 1.84.0-0 | 166.00 | NOTE | |||
r-oldrel-windows-x86_64 | 1.84.0-0 | 82.00 | 60.00 | 142.00 | NOTE |
Version: 1.84.0-0
Check: installed package size
Result: NOTE
installed size is 153.3Mb
sub-directories of 1Mb or more:
include 153.2Mb
Flavors: r-devel-linux-x86_64-fedora-clang, r-devel-windows-x86_64, r-release-macos-arm64, r-release-macos-x86_64, r-release-windows-x86_64, r-oldrel-macos-arm64, r-oldrel-macos-x86_64, r-oldrel-windows-x86_64