Last updated on 2024-07-13 11:49:08 CEST.
Flavor | Version | Tinstall | Tcheck | Ttotal | Status | Flags |
---|---|---|---|---|---|---|
r-devel-linux-x86_64-debian-clang | 0.5 | 39.46 | 48.98 | 88.44 | NOTE | |
r-devel-linux-x86_64-debian-gcc | 0.5 | 28.82 | 36.19 | 65.01 | NOTE | |
r-devel-linux-x86_64-fedora-clang | 0.5 | 125.15 | NOTE | |||
r-devel-linux-x86_64-fedora-gcc | 0.5 | 166.75 | NOTE | |||
r-devel-windows-x86_64 | 0.5 | 34.00 | 107.00 | 141.00 | NOTE | |
r-patched-linux-x86_64 | 0.5 | 33.49 | 45.20 | 78.69 | NOTE | |
r-release-linux-x86_64 | 0.5 | 32.15 | 45.59 | 77.74 | NOTE | |
r-release-macos-arm64 | 0.5 | 52.00 | NOTE | |||
r-release-macos-x86_64 | 0.5 | 86.00 | NOTE | |||
r-release-windows-x86_64 | 0.5 | 36.00 | 73.00 | 109.00 | NOTE | |
r-oldrel-macos-arm64 | 0.5 | 58.00 | NOTE | |||
r-oldrel-macos-x86_64 | 0.5 | 83.00 | NOTE | |||
r-oldrel-windows-x86_64 | 0.5 | 44.00 | 84.00 | 128.00 | NOTE |
Version: 0.5
Check: LazyData
Result: NOTE
'LazyData' is specified without a 'data' directory
Flavors: r-devel-linux-x86_64-debian-clang, r-devel-linux-x86_64-debian-gcc, r-devel-linux-x86_64-fedora-clang, r-devel-linux-x86_64-fedora-gcc, r-devel-windows-x86_64, r-patched-linux-x86_64, r-release-linux-x86_64, r-release-macos-arm64, r-release-macos-x86_64, r-release-windows-x86_64, r-oldrel-macos-arm64, r-oldrel-macos-x86_64, r-oldrel-windows-x86_64