Last updated on 2024-07-13 05:49:08 CEST.
Flavor | Version | Tinstall | Tcheck | Ttotal | Status | Flags |
---|---|---|---|---|---|---|
r-devel-linux-x86_64-debian-clang | 1.3.2 | 51.43 | 403.48 | 454.91 | OK | |
r-devel-linux-x86_64-debian-gcc | 1.3.2 | 42.01 | 294.07 | 336.08 | OK | |
r-devel-linux-x86_64-fedora-clang | 1.3.2 | 565.24 | NOTE | |||
r-devel-linux-x86_64-fedora-gcc | 1.3.2 | 534.17 | NOTE | |||
r-devel-windows-x86_64 | 1.3.2 | 36.00 | 254.00 | 290.00 | OK | |
r-patched-linux-x86_64 | 1.3.2 | 48.29 | 386.91 | 435.20 | OK | |
r-release-linux-x86_64 | 1.3.2 | 33.35 | 395.95 | 429.30 | OK | |
r-release-macos-arm64 | 1.3.2 | 128.00 | OK | |||
r-release-macos-x86_64 | 1.3.2 | 341.00 | OK | |||
r-release-windows-x86_64 | 1.3.2 | 36.00 | 255.00 | 291.00 | OK | |
r-oldrel-macos-arm64 | 1.3.2 | 120.00 | OK | |||
r-oldrel-macos-x86_64 | 1.3.2 | 304.00 | OK | |||
r-oldrel-windows-x86_64 | 1.3.2 | 49.00 | 349.00 | 398.00 | OK |
Version: 1.3.2
Check: data for non-ASCII characters
Result: NOTE
Note: found 493 marked UTF-8 strings
Flavors: r-devel-linux-x86_64-fedora-clang, r-devel-linux-x86_64-fedora-gcc