Last updated on 2024-07-13 11:49:07 CEST.
Flavor | Version | Tinstall | Tcheck | Ttotal | Status | Flags |
---|---|---|---|---|---|---|
r-devel-linux-x86_64-debian-clang | 1.22.1-2 | 2.20 | 17.46 | 19.66 | OK | |
r-devel-linux-x86_64-debian-gcc | 1.22.1-2 | 1.70 | 13.57 | 15.27 | OK | |
r-devel-linux-x86_64-fedora-clang | 1.22.1-2 | 24.65 | NOTE | |||
r-devel-linux-x86_64-fedora-gcc | 1.22.1-2 | 24.13 | OK | |||
r-devel-windows-x86_64 | 1.22.1-2 | 5.00 | 39.00 | 44.00 | NOTE | |
r-patched-linux-x86_64 | 1.22.1-2 | 2.37 | 16.91 | 19.28 | OK | |
r-release-linux-x86_64 | 1.22.1-2 | 2.35 | 16.70 | 19.05 | OK | |
r-release-macos-arm64 | 1.22.1-2 | 15.00 | NOTE | |||
r-release-macos-x86_64 | 1.22.1-2 | 21.00 | NOTE | |||
r-release-windows-x86_64 | 1.22.1-2 | 7.00 | 38.00 | 45.00 | NOTE | |
r-oldrel-macos-arm64 | 1.22.1-2 | 17.00 | NOTE | |||
r-oldrel-macos-x86_64 | 1.22.1-2 | 20.00 | NOTE | |||
r-oldrel-windows-x86_64 | 1.22.1-2 | 7.00 | 35.00 | 42.00 | NOTE |
Version: 1.22.1-2
Check: installed package size
Result: NOTE
installed size is 6.6Mb
sub-directories of 1Mb or more:
include 6.5Mb
Flavors: r-devel-linux-x86_64-fedora-clang, r-devel-windows-x86_64, r-release-macos-arm64, r-release-macos-x86_64, r-release-windows-x86_64, r-oldrel-macos-arm64, r-oldrel-macos-x86_64, r-oldrel-windows-x86_64