Last updated on 2024-07-13 11:49:07 CEST.
Flavor | Version | Tinstall | Tcheck | Ttotal | Status | Flags |
---|---|---|---|---|---|---|
r-devel-linux-x86_64-debian-clang | 1.0.4 | 9.03 | 137.55 | 146.58 | OK | |
r-devel-linux-x86_64-debian-gcc | 1.0.4 | 9.87 | 100.98 | 110.85 | OK | |
r-devel-linux-x86_64-fedora-clang | 1.0.4 | 186.57 | OK | |||
r-devel-linux-x86_64-fedora-gcc | 1.0.4 | 200.80 | OK | |||
r-devel-windows-x86_64 | 1.0.4 | 10.00 | 122.00 | 132.00 | OK | |
r-patched-linux-x86_64 | 1.0.4 | 10.50 | 132.98 | 143.48 | OK | |
r-release-linux-x86_64 | 1.0.4 | 12.46 | 130.22 | 142.68 | OK | |
r-release-macos-arm64 | 1.0.4 | 60.00 | OK | |||
r-release-macos-x86_64 | 1.0.4 | 108.00 | OK | |||
r-release-windows-x86_64 | 1.0.4 | 11.00 | 141.00 | 152.00 | OK | |
r-oldrel-macos-arm64 | 1.0.4 | 60.00 | OK | |||
r-oldrel-macos-x86_64 | 1.0.4 | 94.00 | NOTE | |||
r-oldrel-windows-x86_64 | 1.0.4 | 15.00 | 158.00 | 173.00 | OK |
Version: 1.0.4
Check: installed package size
Result: NOTE
installed size is 5.8Mb
sub-directories of 1Mb or more:
data 4.7Mb
Flavor: r-oldrel-macos-x86_64