Last updated on 2024-07-13 11:49:07 CEST.
Flavor | Version | Tinstall | Tcheck | Ttotal | Status | Flags |
---|---|---|---|---|---|---|
r-devel-linux-x86_64-debian-clang | 0.1.0 | 13.11 | 107.87 | 120.98 | NOTE | |
r-devel-linux-x86_64-debian-gcc | 0.1.0 | 11.38 | 80.60 | 91.98 | NOTE | |
r-devel-linux-x86_64-fedora-clang | 0.1.0 | 152.10 | NOTE | |||
r-devel-linux-x86_64-fedora-gcc | 0.1.0 | 137.07 | NOTE | |||
r-devel-windows-x86_64 | 0.1.0 | 12.00 | 100.00 | 112.00 | NOTE | |
r-patched-linux-x86_64 | 0.1.0 | 11.04 | 111.63 | 122.67 | NOTE | |
r-release-linux-x86_64 | 0.1.0 | 8.26 | 117.57 | 125.83 | NOTE | |
r-release-macos-arm64 | 0.1.0 | 41.00 | NOTE | |||
r-release-macos-x86_64 | 0.1.0 | 67.00 | NOTE | |||
r-release-windows-x86_64 | 0.1.0 | 13.00 | 102.00 | 115.00 | NOTE | |
r-oldrel-macos-arm64 | 0.1.0 | 45.00 | OK | |||
r-oldrel-macos-x86_64 | 0.1.0 | 77.00 | OK | |||
r-oldrel-windows-x86_64 | 0.1.0 | 16.00 | 125.00 | 141.00 | OK |
Version: 0.1.0
Check: Rd files
Result: NOTE
checkRd: (-1) AEHMLE.Rd:42-45: Lost braces
42 | \item{basehaz}{: {baseline hazard structure including baseline
| ^
checkRd: (-1) AHMLE.Rd:41-43: Lost braces
41 | \item{basehaz}{: {baseline hazard structure including baseline
| ^
Flavors: r-devel-linux-x86_64-debian-clang, r-devel-linux-x86_64-debian-gcc, r-devel-linux-x86_64-fedora-clang, r-devel-linux-x86_64-fedora-gcc, r-devel-windows-x86_64, r-patched-linux-x86_64, r-release-linux-x86_64, r-release-macos-arm64, r-release-macos-x86_64, r-release-windows-x86_64