Last updated on 2024-07-13 11:49:07 CEST.
Flavor | Version | Tinstall | Tcheck | Ttotal | Status | Flags |
---|---|---|---|---|---|---|
r-devel-linux-x86_64-debian-clang | 1.1.0 | 8.92 | 58.12 | 67.04 | NOTE | |
r-devel-linux-x86_64-debian-gcc | 1.1.0 | 5.45 | 44.69 | 50.14 | NOTE | |
r-devel-linux-x86_64-fedora-clang | 1.1.0 | 86.57 | NOTE | |||
r-devel-linux-x86_64-fedora-gcc | 1.1.0 | 82.01 | NOTE | |||
r-devel-windows-x86_64 | 1.1.0 | 8.00 | 69.00 | 77.00 | NOTE | |
r-patched-linux-x86_64 | 1.1.0 | 4.44 | 59.62 | 64.06 | NOTE | |
r-release-linux-x86_64 | 1.1.0 | 4.62 | 61.78 | 66.40 | NOTE | |
r-release-macos-arm64 | 1.1.0 | 28.00 | NOTE | |||
r-release-macos-x86_64 | 1.1.0 | 41.00 | NOTE | |||
r-release-windows-x86_64 | 1.1.0 | 8.00 | 70.00 | 78.00 | NOTE | |
r-oldrel-macos-arm64 | 1.1.0 | 27.00 | OK | |||
r-oldrel-macos-x86_64 | 1.1.0 | 42.00 | OK | |||
r-oldrel-windows-x86_64 | 1.1.0 | 10.00 | 80.00 | 90.00 | OK |
Version: 1.1.0
Check: Rd files
Result: NOTE
checkRd: (-1) count_cases.Rd:49: Lost braces in \itemize; \value handles \item{}{} directly
checkRd: (-1) count_cases.Rd:50: Lost braces in \itemize; \value handles \item{}{} directly
checkRd: (-1) count_cases.Rd:51: Lost braces in \itemize; \value handles \item{}{} directly
checkRd: (-1) count_cases.Rd:52: Lost braces in \itemize; \value handles \item{}{} directly
checkRd: (-1) count_cases.Rd:53: Lost braces in \itemize; \value handles \item{}{} directly
checkRd: (-1) enrich.Rd:75: Lost braces in \itemize; \value handles \item{}{} directly
checkRd: (-1) enrich.Rd:76: Lost braces in \itemize; \value handles \item{}{} directly
checkRd: (-1) enrich.Rd:77: Lost braces in \itemize; \value handles \item{}{} directly
checkRd: (-1) enrich.Rd:78: Lost braces in \itemize; \value handles \item{}{} directly
checkRd: (-1) enrich.Rd:83: Lost braces in \itemize; \value handles \item{}{} directly
checkRd: (-1) enrich.Rd:84: Lost braces in \itemize; \value handles \item{}{} directly
checkRd: (-1) enrich.Rd:85: Lost braces in \itemize; \value handles \item{}{} directly
checkRd: (-1) enrich.Rd:86: Lost braces in \itemize; \value handles \item{}{} directly
checkRd: (-1) enrich.Rd:87: Lost braces in \itemize; \value handles \item{}{} directly
checkRd: (-1) enrich.Rd:88: Lost braces in \itemize; \value handles \item{}{} directly
Flavors: r-devel-linux-x86_64-debian-clang, r-devel-linux-x86_64-debian-gcc, r-devel-linux-x86_64-fedora-clang, r-devel-linux-x86_64-fedora-gcc, r-devel-windows-x86_64, r-patched-linux-x86_64, r-release-linux-x86_64, r-release-macos-arm64, r-release-macos-x86_64, r-release-windows-x86_64