Last updated on 2024-06-27 16:48:59 CEST.
Flavor | Version | Tinstall | Tcheck | Ttotal | Status | Flags |
---|---|---|---|---|---|---|
r-devel-linux-x86_64-debian-clang | 2.1 | NOTE | ||||
r-devel-linux-x86_64-debian-gcc | 2.1 | 58.22 | 49.76 | 107.98 | NOTE | |
r-devel-linux-x86_64-fedora-clang | 2.1 | 217.70 | NOTE | |||
r-devel-linux-x86_64-fedora-gcc | 2.1 | 244.42 | NOTE | |||
r-devel-windows-x86_64 | 2.1 | 68.00 | 93.00 | 161.00 | NOTE | |
r-patched-linux-x86_64 | 2.1 | 77.43 | 68.79 | 146.22 | NOTE | |
r-release-linux-x86_64 | 2.1 | 67.55 | 65.79 | 133.34 | NOTE | |
r-release-macos-arm64 | 2.1 | 61.00 | NOTE | |||
r-release-macos-x86_64 | 2.1 | 79.00 | NOTE | |||
r-release-windows-x86_64 | 2.1 | 70.00 | 94.00 | 164.00 | NOTE | |
r-oldrel-macos-arm64 | 2.1 | 69.00 | NOTE | |||
r-oldrel-macos-x86_64 | 2.1 | 114.00 | NOTE | |||
r-oldrel-windows-x86_64 | 2.1 | 87.00 | 113.00 | 200.00 | NOTE |
Version: 2.1
Check: LazyData
Result: NOTE
'LazyData' is specified without a 'data' directory
Flavors: r-devel-linux-x86_64-debian-clang, r-devel-linux-x86_64-debian-gcc, r-devel-linux-x86_64-fedora-clang, r-devel-linux-x86_64-fedora-gcc, r-devel-windows-x86_64, r-patched-linux-x86_64, r-release-linux-x86_64, r-release-macos-arm64, r-release-macos-x86_64, r-release-windows-x86_64, r-oldrel-macos-arm64, r-oldrel-macos-x86_64, r-oldrel-windows-x86_64